{"id":1083,"date":"2022-05-06T14:00:50","date_gmt":"2022-05-06T14:00:50","guid":{"rendered":"https:\/\/auto-ecole-loiret.com\/?page_id=1083"},"modified":"2026-03-04T09:47:08","modified_gmt":"2026-03-04T09:47:08","slug":"financement-cpf","status":"publish","type":"page","link":"https:\/\/auto-ecole-loiret.com\/?page_id=1083","title":{"rendered":"Financement CPF"},"content":{"rendered":"\n<p><\/p>\n\n\n\n<p><a href=\"https:\/\/www.legifrance.gouv.fr\/jorf\/id\/JORFTEXT000053508155\" target=\"_blank\" rel=\"noreferrer noopener\"><strong>La loi de finances pour 2026<\/strong><\/a><strong>&nbsp;fait \u00e9voluer les conditions dans lesquelles les personnes peuvent mobiliser leur Compte personnel de formation (CPF) pour financer une formation au permis de conduire.<\/strong><\/p>\n\n\n\n<p>\u00c0 compter du&nbsp;<strong>20 f\u00e9vrier 2026<\/strong>, la mobilisation du CPF pour pr\u00e9parer les \u00e9preuves th\u00e9oriques et pratiques&nbsp;<strong>d\u2019un permis de conduire du groupe l\u00e9ger&nbsp;<\/strong>(permis A1, A2, B1, B ou BE) est r\u00e9serv\u00e9e aux publics suivants :<\/p>\n\n\n\n<ul>\n<li><strong>Les demandeurs d\u2019emploi<\/strong>\u00a0inscrits \u00e0 France Travail ;<\/li>\n\n\n\n<li><strong>Les salari\u00e9s qui b\u00e9n\u00e9ficient d\u2019un financement d\u2019un tiers\u00a0<\/strong>pour pr\u00e9parer ce type de permis de conduire (abondement d\u2019une R\u00e9gion, d\u2019un Opco, d\u2019un fonds d\u2019assurance formation ou du FIPHFP, droits issus du C2P, droits AT\/MP\u2026).<\/li>\n<\/ul>\n\n\n\n<p>La mobilisation du CPF pour pr\u00e9parer les \u00e9preuves th\u00e9oriques et pratiques&nbsp;<strong>d\u2019un permis de conduire poids lourds ou transport de personnes reste possible pour tous les titulaires<\/strong>&nbsp;(permis C1, C1E, C, CE, D1, D1E, D et DE).<\/p>\n\n\n\n<p>Votre projet professionnel sera \u00e9valu\u00e9  par votre \u00e9cole de conduite sous forme de questionnaire : <\/p>\n\n\n\n<figure class=\"wp-block-image size-full\"><img loading=\"lazy\" decoding=\"async\" width=\"897\" height=\"659\" src=\"https:\/\/auto-ecole-loiret.com\/wp-content\/uploads\/2024\/09\/Questionnaire-projet-professionnel.png\" alt=\"\" class=\"wp-image-1159\" srcset=\"https:\/\/auto-ecole-loiret.com\/wp-content\/uploads\/2024\/09\/Questionnaire-projet-professionnel.png 897w, https:\/\/auto-ecole-loiret.com\/wp-content\/uploads\/2024\/09\/Questionnaire-projet-professionnel-300x220.png 300w, https:\/\/auto-ecole-loiret.com\/wp-content\/uploads\/2024\/09\/Questionnaire-projet-professionnel-768x564.png 768w\" sizes=\"(max-width: 897px) 100vw, 897px\" \/><\/figure>\n\n\n\n<p><\/p>\n\n\n<div class=\"wp-block-image\">\n<figure class=\"aligncenter size-medium is-resized\"><img loading=\"lazy\" decoding=\"async\" width=\"300\" height=\"134\" src=\"https:\/\/auto-ecole-loiret.com\/wp-content\/uploads\/2022\/05\/officiel-qualiopi-300x134.png\" alt=\"\" class=\"wp-image-1084\" style=\"width:363px;height:auto\" srcset=\"https:\/\/auto-ecole-loiret.com\/wp-content\/uploads\/2022\/05\/officiel-qualiopi-300x134.png 300w, https:\/\/auto-ecole-loiret.com\/wp-content\/uploads\/2022\/05\/officiel-qualiopi-768x344.png 768w, https:\/\/auto-ecole-loiret.com\/wp-content\/uploads\/2022\/05\/officiel-qualiopi.png 818w\" sizes=\"(max-width: 300px) 100vw, 300px\" \/><\/figure><\/div>","protected":false},"excerpt":{"rendered":"<p>La loi de finances pour 2026&nbsp;fait \u00e9voluer les conditions dans lesquelles les personnes peuvent mobiliser leur Compte personnel de formation (CPF) pour financer une formation au permis de conduire. \u00c0 compter du&nbsp;20 f\u00e9vrier 2026, la mobilisation du CPF pour pr\u00e9parer les \u00e9preuves th\u00e9oriques et pratiques&nbsp;d\u2019un permis de conduire du groupe l\u00e9ger&nbsp;(permis A1, A2, B1, B [&hellip;]<\/p>\n","protected":false},"author":4,"featured_media":0,"parent":0,"menu_order":0,"comment_status":"closed","ping_status":"closed","template":"","meta":{"footnotes":""},"_links":{"self":[{"href":"https:\/\/auto-ecole-loiret.com\/index.php?rest_route=\/wp\/v2\/pages\/1083"}],"collection":[{"href":"https:\/\/auto-ecole-loiret.com\/index.php?rest_route=\/wp\/v2\/pages"}],"about":[{"href":"https:\/\/auto-ecole-loiret.com\/index.php?rest_route=\/wp\/v2\/types\/page"}],"author":[{"embeddable":true,"href":"https:\/\/auto-ecole-loiret.com\/index.php?rest_route=\/wp\/v2\/users\/4"}],"replies":[{"embeddable":true,"href":"https:\/\/auto-ecole-loiret.com\/index.php?rest_route=%2Fwp%2Fv2%2Fcomments&post=1083"}],"version-history":[{"count":7,"href":"https:\/\/auto-ecole-loiret.com\/index.php?rest_route=\/wp\/v2\/pages\/1083\/revisions"}],"predecessor-version":[{"id":1219,"href":"https:\/\/auto-ecole-loiret.com\/index.php?rest_route=\/wp\/v2\/pages\/1083\/revisions\/1219"}],"wp:attachment":[{"href":"https:\/\/auto-ecole-loiret.com\/index.php?rest_route=%2Fwp%2Fv2%2Fmedia&parent=1083"}],"curies":[{"name":"wp","href":"https:\/\/api.w.org\/{rel}","templated":true}]}}

<p></p>



<p><a href="https://www.legifrance.gouv.fr/jorf/id/JORFTEXT000053508155" target="_blank" rel="noreferrer noopener"><strong>La loi de finances pour 2026</strong></a><strong>&nbsp;fait évoluer les conditions dans lesquelles les personnes peuvent mobiliser leur Compte personnel de formation (CPF) pour financer une formation au permis de conduire.</strong></p>



<p>À compter du&nbsp;<strong>20 février 2026</strong>, la mobilisation du CPF pour préparer les épreuves théoriques et pratiques&nbsp;<strong>d’un permis de conduire du groupe léger&nbsp;</strong>(permis A1, A2, B1, B ou BE) est réservée aux publics suivants :</p>



<ul>
<li><strong>Les demandeurs d’emploi</strong> inscrits à France Travail ;</li>



<li><strong>Les salariés qui bénéficient d’un financement d’un tiers </strong>pour préparer ce type de permis de conduire (abondement d’une Région, d’un Opco, d’un fonds d’assurance formation ou du FIPHFP, droits issus du C2P, droits AT/MP…).</li>
</ul>



<p>La mobilisation du CPF pour préparer les épreuves théoriques et pratiques&nbsp;<strong>d’un permis de conduire poids lourds ou transport de personnes reste possible pour tous les titulaires</strong>&nbsp;(permis C1, C1E, C, CE, D1, D1E, D et DE).</p>



<p>Votre projet professionnel sera évalué  par votre école de conduite sous forme de questionnaire : </p>



<figure class="wp-block-image size-full"><img loading="lazy" decoding="async" width="897" height="659" src="https://auto-ecole-loiret.com/wp-content/uploads/2024/09/Questionnaire-projet-professionnel.png" alt="" class="wp-image-1159" srcset="https://auto-ecole-loiret.com/wp-content/uploads/2024/09/Questionnaire-projet-professionnel.png 897w, https://auto-ecole-loiret.com/wp-content/uploads/2024/09/Questionnaire-projet-professionnel-300x220.png 300w, https://auto-ecole-loiret.com/wp-content/uploads/2024/09/Questionnaire-projet-professionnel-768x564.png 768w" sizes="(max-width: 897px) 100vw, 897px" /></figure>



<p></p>


<div class="wp-block-image">
<figure class="aligncenter size-medium is-resized"><img loading="lazy" decoding="async" width="300" height="134" src="https://auto-ecole-loiret.com/wp-content/uploads/2022/05/officiel-qualiopi-300x134.png" alt="" class="wp-image-1084" style="width:363px;height:auto" srcset="https://auto-ecole-loiret.com/wp-content/uploads/2022/05/officiel-qualiopi-300x134.png 300w, https://auto-ecole-loiret.com/wp-content/uploads/2022/05/officiel-qualiopi-768x344.png 768w, https://auto-ecole-loiret.com/wp-content/uploads/2022/05/officiel-qualiopi.png 818w" sizes="(max-width: 300px) 100vw, 300px" /></figure></div>

<p>La loi de finances pour 2026&nbsp;fait évoluer les conditions dans lesquelles les personnes peuvent mobiliser leur Compte personnel de formation (CPF) pour financer une formation au permis de conduire. À compter du&nbsp;20 février 2026, la mobilisation du CPF pour préparer les épreuves théoriques et pratiques&nbsp;d’un permis de conduire du groupe léger&nbsp;(permis A1, A2, B1, B [&hellip;]</p>
