{"id":705,"date":"2019-03-27T15:55:35","date_gmt":"2019-03-27T15:55:35","guid":{"rendered":"https:\/\/auto-ecole-loiret.com\/?page_id=705"},"modified":"2024-07-07T16:48:34","modified_gmt":"2024-07-07T16:48:34","slug":"horaires","status":"publish","type":"page","link":"https:\/\/auto-ecole-loiret.com\/?page_id=705","title":{"rendered":"Horaires"},"content":{"rendered":"\n<h2 class=\"wp-block-heading\">Horaires d&rsquo;ouverture du bureau et des s\u00e9ances de code :<\/h2>\n\n\n\n<p><em>Vincent vous r\u00e9serve le meilleur accueil : <\/em><\/p>\n\n\n\n<figure class=\"wp-block-table\"><table><tbody><tr><td>LUNDI<\/td><td>FERME<\/td><td>FERME<\/td><\/tr><tr><td>MARDI <\/td><td>10 H &#8211; 12 H<\/td><td>14 H &#8211; 19 H<\/td><\/tr><tr><td>MERCREDI<\/td><td>10 H &#8211; 12 H<\/td><td>14 H &#8211; 19 H<\/td><\/tr><tr><td>JEUDI<\/td><td>10 H &#8211; 12 H<\/td><td>14 H &#8211; 19 H<\/td><\/tr><tr><td>VENDREDI<\/td><td>10 H &#8211; 12 H<\/td><td>14 H &#8211; 19 H<\/td><\/tr><tr><td>SAMEDI<\/td><td> 9 H &#8211; 12 H<\/td><td>FERME<\/td><\/tr><\/tbody><\/table><\/figure>\n\n\n\n<p><\/p>\n\n\n\n<p><\/p>\n\n\n\n<p><\/p>\n\n\n\n<p><\/p>\n\n\n\n<h2 class=\"wp-block-heading\"> Horaires des le\u00e7ons de conduite :<br><\/h2>\n\n\n\n<p>Les le\u00e7ons sont programm\u00e9es en fonction de vos disponibilit\u00e9s du lundi au vendredi de 8h00 \u00e0 20h00 et le samedi de 8h00 \u00e0 17h00.<\/p>\n\n\n\n<p><\/p>\n\n\n\n<p><\/p>\n\n\n\n<p><\/p>\n\n\n\n<p><\/p>\n\n\n\n<p><\/p>\n\n\n\n<h2 class=\"wp-block-heading\"><\/h2>\n\n\n\n<p><\/p>\n\n\n\n<p><\/p>\n\n\n\n<p><\/p>\n\n\n\n<p><\/p>\n","protected":false},"excerpt":{"rendered":"<p>Horaires d&rsquo;ouverture du bureau et des s\u00e9ances de code : Vincent vous r\u00e9serve le meilleur accueil : LUNDI FERME FERME MARDI 10 H &#8211; 12 H 14 H &#8211; 19 H MERCREDI 10 H &#8211; 12 H 14 H &#8211; 19 H JEUDI 10 H &#8211; 12 H 14 H &#8211; 19 H VENDREDI 10 [&hellip;]<\/p>\n","protected":false},"author":4,"featured_media":0,"parent":0,"menu_order":0,"comment_status":"closed","ping_status":"closed","template":"","meta":{"footnotes":""},"_links":{"self":[{"href":"https:\/\/auto-ecole-loiret.com\/index.php?rest_route=\/wp\/v2\/pages\/705"}],"collection":[{"href":"https:\/\/auto-ecole-loiret.com\/index.php?rest_route=\/wp\/v2\/pages"}],"about":[{"href":"https:\/\/auto-ecole-loiret.com\/index.php?rest_route=\/wp\/v2\/types\/page"}],"author":[{"embeddable":true,"href":"https:\/\/auto-ecole-loiret.com\/index.php?rest_route=\/wp\/v2\/users\/4"}],"replies":[{"embeddable":true,"href":"https:\/\/auto-ecole-loiret.com\/index.php?rest_route=%2Fwp%2Fv2%2Fcomments&post=705"}],"version-history":[{"count":5,"href":"https:\/\/auto-ecole-loiret.com\/index.php?rest_route=\/wp\/v2\/pages\/705\/revisions"}],"predecessor-version":[{"id":1042,"href":"https:\/\/auto-ecole-loiret.com\/index.php?rest_route=\/wp\/v2\/pages\/705\/revisions\/1042"}],"wp:attachment":[{"href":"https:\/\/auto-ecole-loiret.com\/index.php?rest_route=%2Fwp%2Fv2%2Fmedia&parent=705"}],"curies":[{"name":"wp","href":"https:\/\/api.w.org\/{rel}","templated":true}]}}